{"id":6827,"date":"2022-12-26T17:39:22","date_gmt":"2022-12-26T16:39:22","guid":{"rendered":"https:\/\/ella-products.be\/index.php\/produit\/planche-a-decouper-45302cm-rouge-basse-densite\/"},"modified":"2023-03-05T21:45:28","modified_gmt":"2023-03-05T20:45:28","slug":"planche-a-decouper-45302cm-rouge-basse-densite","status":"publish","type":"product","link":"https:\/\/ella-products.be\/index.php\/produit\/planche-a-decouper-45302cm-rouge-basse-densite\/","title":{"rendered":"Planche \u00e0 d\u00e9couper 45*30*2cm rouge basse densit\u00e9"},"content":{"rendered":"","protected":false},"excerpt":{"rendered":"","protected":false},"featured_media":9541,"template":"","meta":[],"etheme_brands":[],"product_cat":[153],"product_tag":[],"class_list":["post-6827","product","type-product","status-publish","has-post-thumbnail","hentry","product_cat-materiel-horeca"],"_links":{"self":[{"href":"https:\/\/ella-products.be\/index.php\/wp-json\/wp\/v2\/product\/6827","targetHints":{"allow":["GET"]}}],"collection":[{"href":"https:\/\/ella-products.be\/index.php\/wp-json\/wp\/v2\/product"}],"about":[{"href":"https:\/\/ella-products.be\/index.php\/wp-json\/wp\/v2\/types\/product"}],"version-history":[{"count":1,"href":"https:\/\/ella-products.be\/index.php\/wp-json\/wp\/v2\/product\/6827\/revisions"}],"predecessor-version":[{"id":8950,"href":"https:\/\/ella-products.be\/index.php\/wp-json\/wp\/v2\/product\/6827\/revisions\/8950"}],"wp:featuredmedia":[{"embeddable":true,"href":"https:\/\/ella-products.be\/index.php\/wp-json\/wp\/v2\/media\/9541"}],"wp:attachment":[{"href":"https:\/\/ella-products.be\/index.php\/wp-json\/wp\/v2\/media?parent=6827"}],"wp:term":[{"taxonomy":"brand","embeddable":true,"href":"https:\/\/ella-products.be\/index.php\/wp-json\/wp\/v2\/etheme_brands?post=6827"},{"taxonomy":"product_cat","embeddable":true,"href":"https:\/\/ella-products.be\/index.php\/wp-json\/wp\/v2\/product_cat?post=6827"},{"taxonomy":"product_tag","embeddable":true,"href":"https:\/\/ella-products.be\/index.php\/wp-json\/wp\/v2\/product_tag?post=6827"}],"curies":[{"name":"wp","href":"https:\/\/api.w.org\/{rel}","templated":true}]}}