{"id":6671,"date":"2022-12-26T17:38:29","date_gmt":"2022-12-26T16:38:29","guid":{"rendered":"https:\/\/ella-products.be\/index.php\/produit\/armoire-refrigeree-gn-double-porte-blanche-polar-1200l\/"},"modified":"2023-02-16T22:42:42","modified_gmt":"2023-02-16T21:42:42","slug":"armoire-refrigeree-gn-double-porte-blanche-polar-1200l","status":"publish","type":"product","link":"https:\/\/ella-products.be\/index.php\/produit\/armoire-refrigeree-gn-double-porte-blanche-polar-1200l\/","title":{"rendered":"Armoire r\u00e9frig\u00e9r\u00e9e + GN double porte blanche POLAR 1200L"},"content":{"rendered":"","protected":false},"excerpt":{"rendered":"","protected":false},"featured_media":5642,"template":"","meta":[],"etheme_brands":[],"product_cat":[153],"product_tag":[],"class_list":["post-6671","product","type-product","status-publish","has-post-thumbnail","hentry","product_cat-materiel-horeca"],"_links":{"self":[{"href":"https:\/\/ella-products.be\/index.php\/wp-json\/wp\/v2\/product\/6671","targetHints":{"allow":["GET"]}}],"collection":[{"href":"https:\/\/ella-products.be\/index.php\/wp-json\/wp\/v2\/product"}],"about":[{"href":"https:\/\/ella-products.be\/index.php\/wp-json\/wp\/v2\/types\/product"}],"version-history":[{"count":1,"href":"https:\/\/ella-products.be\/index.php\/wp-json\/wp\/v2\/product\/6671\/revisions"}],"predecessor-version":[{"id":9024,"href":"https:\/\/ella-products.be\/index.php\/wp-json\/wp\/v2\/product\/6671\/revisions\/9024"}],"wp:featuredmedia":[{"embeddable":true,"href":"https:\/\/ella-products.be\/index.php\/wp-json\/wp\/v2\/media\/5642"}],"wp:attachment":[{"href":"https:\/\/ella-products.be\/index.php\/wp-json\/wp\/v2\/media?parent=6671"}],"wp:term":[{"taxonomy":"brand","embeddable":true,"href":"https:\/\/ella-products.be\/index.php\/wp-json\/wp\/v2\/etheme_brands?post=6671"},{"taxonomy":"product_cat","embeddable":true,"href":"https:\/\/ella-products.be\/index.php\/wp-json\/wp\/v2\/product_cat?post=6671"},{"taxonomy":"product_tag","embeddable":true,"href":"https:\/\/ella-products.be\/index.php\/wp-json\/wp\/v2\/product_tag?post=6671"}],"curies":[{"name":"wp","href":"https:\/\/api.w.org\/{rel}","templated":true}]}}