{"id":6659,"date":"2022-12-26T17:38:26","date_gmt":"2022-12-26T16:38:26","guid":{"rendered":"https:\/\/ella-products.be\/index.php\/produit\/pots-a-sauce-biodegardables-en-papier-cire-28ml-250\/"},"modified":"2023-02-23T22:17:28","modified_gmt":"2023-02-23T21:17:28","slug":"pots-a-sauce-biodegardables-en-papier-cire-28ml-250","status":"publish","type":"product","link":"https:\/\/ella-products.be\/index.php\/produit\/pots-a-sauce-biodegardables-en-papier-cire-28ml-250\/","title":{"rendered":"Pots \u00e0 sauce biod\u00e9gardables en papier cir\u00e9 28ml  *250"},"content":{"rendered":"","protected":false},"excerpt":{"rendered":"","protected":false},"featured_media":9343,"template":"","meta":[],"etheme_brands":[],"product_cat":[135,162],"product_tag":[],"class_list":["post-6659","product","type-product","status-publish","has-post-thumbnail","hentry","product_cat-traiteur-packaging","product_cat-kraft"],"_links":{"self":[{"href":"https:\/\/ella-products.be\/index.php\/wp-json\/wp\/v2\/product\/6659","targetHints":{"allow":["GET"]}}],"collection":[{"href":"https:\/\/ella-products.be\/index.php\/wp-json\/wp\/v2\/product"}],"about":[{"href":"https:\/\/ella-products.be\/index.php\/wp-json\/wp\/v2\/types\/product"}],"version-history":[{"count":1,"href":"https:\/\/ella-products.be\/index.php\/wp-json\/wp\/v2\/product\/6659\/revisions"}],"predecessor-version":[{"id":8299,"href":"https:\/\/ella-products.be\/index.php\/wp-json\/wp\/v2\/product\/6659\/revisions\/8299"}],"wp:featuredmedia":[{"embeddable":true,"href":"https:\/\/ella-products.be\/index.php\/wp-json\/wp\/v2\/media\/9343"}],"wp:attachment":[{"href":"https:\/\/ella-products.be\/index.php\/wp-json\/wp\/v2\/media?parent=6659"}],"wp:term":[{"taxonomy":"brand","embeddable":true,"href":"https:\/\/ella-products.be\/index.php\/wp-json\/wp\/v2\/etheme_brands?post=6659"},{"taxonomy":"product_cat","embeddable":true,"href":"https:\/\/ella-products.be\/index.php\/wp-json\/wp\/v2\/product_cat?post=6659"},{"taxonomy":"product_tag","embeddable":true,"href":"https:\/\/ella-products.be\/index.php\/wp-json\/wp\/v2\/product_tag?post=6659"}],"curies":[{"name":"wp","href":"https:\/\/api.w.org\/{rel}","templated":true}]}}